-5 - 2))
4
What is 6 + (-3 - (-2 - 1)) + 3?
9
Calculate (27 - 25) + 3 + 1 + -2.
4
Calculate -4 - -6 - 2 - 5.
-5
Evaluate 1 + -3 + 0 + 0.
-2
What is the value of 6 + (-4 - 5) + 2?
-1
Evaluate -3 - (-15 + 9 + 3).
0
Evaluate -2 - (4 + -2) - (-4 + 2).
-2
What is -1 + (7 - (5 + -1))?
2
What is -1 - 4 - (-11 + 7)?
-1
Calculate 6 + -8 + (1 - -3).
2
Calculate -7 + (-8 - 0 - -12).
-3
Calculate 0 + -3 - (-8 + 1 + 1).
3
What is (-1 - (-1 + -4)) + -8?
-4
What is 4 + 0 + -5 + -1?
-2
What is the value of -2 + 1 + 13 + -2 + -6?
4
Evaluate -11 + 2 - (16 + -27).
2
Calculate 1 - -1 - (14 - (-8 + 15)).
-5
What is the value of 0 - (-3 - -20 - 10)?
-7
Calculate -4 + (-1 - -4) + 3.
2
What is the value of -4 - (-3 - (-6 + 2))?
-5
-2 + 1 - (-4 + 5 + 0)
-2
-10 + 14 + 1 + -11 - -2
-4
Evaluate 2 - (5 - (3 - 1)).
-1
What is 1 - (10 + (-4 - 1) + 0)?
-4
Calculate (-1 - -6) + -15 + 18.
8
Calculate (3 - 11) + -3 + 6 + 1.
-4
Calculate -1 - (-3 + 1 + 2 + -5).
4
What is 7 + (5 - 5) + -7?
0
What is 0 + 3 + 2 - (-4 - -4)?
5
Evaluate (24 - 19) + -8 + -2 + -3.
-8
Calculate 6 + -2 - (-12 - -11).
5
1 - ((-14 - -9) + 7)
-1
Evaluate 9 + 1 + -6 + 1.
5
What is -9 - (12 - 9 - 7)?
-5
What is the value of 1 - (-10 - -11 - (1 + 1))?
2
Evaluate (0 - 1) + -7 + (4 - -3).
-1
Calculate 6 + -1 + (14 + -30 - -10).
-1
What is 2 + -8 + 38 + -39?
-7
Evaluate (-3 - -1 - 1) + 7 - 9.
-5
What is the value of (2 - (3 - 0)) + -4?
-5
What is -1 + 1 + (15 - 17)?
-2
What is 0 - (13 + (6 - (15 - 3)))?
-7
What is the value of 7 - (6 + -6 - (0 + -4))?
3
Evaluate 1 - (-1 + 0 - -8).
-6
What is (-2 + 10 - 7) + -4?
-3
Calculate 5 - 2 - (0 + 8).
-5
What is 0 - (-8 + 11 + -4)?
1
What is the value of (5 - 1) + 9 + -8?
5
What is 2 - (4 + 0 + -2 - -1)?
-1
Calculate -4 + (-9 - (-1 + -8)).
-4
What is the value of -12 + 11 - (-3 - (3 + 2))?
7
Evaluate 7 + 6 + -5 + -3.
5
Evaluate 19 + -12 - 0 - (1 + 4).
2
What is 25 + -12 + -13 - 4?
-4
Evaluate 0 + -6 - (-19 + 15).
-2
What is the value of (-1 - 3) + 9 + 0 + -5?
0
Calculate -1 - (-16 - -2) - (-83 - -88).
8
Calculate -9 + (25 - 8) + -5.
3
Calculate 0 + 1 + (-2 - -3) - -2.
4
Evaluate 3 + (-18 - (8 - 19)).
-4
What is the value of (-10 - (1 + -5)) + 0?
-6
What is (10 - (-6 - -9)) + (-11 - -13)?
9
Evaluate 5 - (-1 - -2) - 9.
-5
What is the value of 16 + -1 + -15 + -4 + 1?
-3
Evaluate 2 - -3 - (7 - (8 + -4)).
2
What is the value of 6 - 2 - (7 - (1 - -2))?
0
Calculate -11 + 1 + 4 + -4 + 7.
-3
Evaluate -6 - -5 - ((3 - 4) + -1).
1
0 + -2 - (-1 - (-11 + 14))
2
Evaluate -4 + 1 + -16 + 31 + -14.
-2
-1 + -3 + 6 + -1
1
Calculate -9 + 10 + -3 + 2.
0
What is the value of (2 - 0) + 0 + 1?
3
Calculate 7 + -1 + -4 + 0 + -3.
-1
-2 + (-7 - -1) + (49 - 43)
-2
What is (8 - 12) + (2 - (0 + -3))?
1
What is the value of 0 + 7 + 5 + -5?
7
What is -14 - (-3 + 2) - (3 + -11)?
-5
Calculate 6 + -3 + (-2 - 1).
0
-3 + 6 - (-4 - -3)
4
What is -4 + (-2 + -7 + 6 - -2)?
-5
Calculate 6 + -15 + (4 - -5).
0
(6 - 5) + (2 + -4 - -1)
0
Evaluate -1 + (-1 - -4) + -4.
-2
What is (8 - (-4 + -4 + 10)) + -6?
0
Calculate (1 - (-5 + -1)) + -30 + 29.
6
Evaluate -147 + 148 - (3 + 1 + 0).
-3
Calculate -32 + 32 + 3 + -1 + -2.
0
Evaluate -5 + 1 - 0 - -8 - 2.
2
Evaluate 7 + (11 - 0 - 10).
8
What is 7 + -9 - (-5 + 7 - 3)?
-1
What is the value of -5 + (2 - 7) - -9?
-1
What is the value of -1 - -5 - 4 - 4?
-4
What is the value of 3 - (0 - 8 - (-6 + -6))?
-1
What is the value of -1 + 3 - (4 - 2)?
0
Evaluate -8 + 5 + 7 + -6.
-2
What is the value of (5 + 2 - (0 + 0)) + -3?
4
Calculate 2 - (2 + 1) - (5 - 8).
2
11 - (-2 + 0) - 8
5
What is the value of -1 + (6 - (-4 + 9))?
0
What is the value of 3 + -6 - (3 + (-2 - -3))?
-7
Calculate 14 + -10 + 0 + (-4 - -6).
6
Calculate 1 + -3 + (-1 - (-1 + 2)).
-4
What is the value of (-9 - (-4 + -4)) + 0?
-1
What is the value of 1 + (6 - 4) + -5?
-2
Evaluate -2 + (3 - 3 - (4 + -2)).
-4
Calculate 0 - (-4 - (-7 + 1)) - 2.
-4
Calculate 13 - (4 - -2) - 11.
-4
What is (2 - (3 + 4)) + 2 + 0?
-3
What is 2 - (-4 - -6) - (-4 - -1)?
3
Evaluate -3 + (8 - 4 - 5).
-4
What is 0 - -3 - (2 + (-7 - -5))?
3
What is -7 - (-4 + 4 + -6)?
-1
Calculate 6 - (3 + 3 + -4 + 0).
4
What is the value of 5 - (-2 + (-3 - -7))?
3
Evaluate 1 + 2 + (6 - 12).
-3
Evaluate (-4 - (-3 - 1)) + 5.
5
-6 - (1 - 7) - (1 - 7)
6
What is 4 + (1 - -1) + 0?
6
What is 3 - 1 - 2 - 4?
-4
Evaluate 3 + (-11 - -3 - -4).
-1
Calculate 1 + (2 - 1 - -1) - -2.
5
Evaluate -2 + (-9 - -6 - -4).
-1
What is the value of 2 - (10 + -2 + -17)?
11
Calculate 8 + (-8 - -2) + 1.
3
What is -9 - ((-1 - -4) + -6)?
-6
Calculate 3 + (0 - (13 + -5)).
-5
What is the value of 10 + (-13 - 4) - 0?
-7
What is the value of -4 + 3 + 0 + -3?
-4
What is the value of (-1 - 0) + -14 + (29 - 11)?
3
What is (-4 - -1) + (2 - 1 - -2)?
0
What is 2 + -3 + -3 + 1?
-3
What is (9 - (-6 + 12)) + 8 + -8?
3
What is the value of 3 + -9 + 7 + 3?
4
Calculate -1 + (4 - -1 - 5) - -4.
3
Calculate 3 - -3 - (8 - 4).
2
10 - 8 - (-6 + 5)
3
Calculate -1 - 1 - (2 + 2 + 0).
-6
Calculate 4 + 4 + -2 + -2.
4
What is 10 + -3 + -1 - 8?
-2
What is the value of (-8 - (-1 - 4)) + 1 + 1?
-1
Calculate -3 + (5 - (-2 + 5)).
-1
(-1 - 9) + -42 + 51
-1
What is (-14 - -23) + -9 + 2?
2
Calculate 19 + -21 - (1 + 1).
-4
-2 + 11 + -8 + 5
6
What is the value of -1 - ((-3 - -4) + -3)?
1
What is the value of 10 + -3 + 3 + 1 + -6?
5
What is the value of (-28 + 27 - (5 + -1)) + 1?
-4
Calculate -14 - -15 - (-2 - (-2 - 4)).
-3
What is the value of 12 - 24 - (-8 + -5)?
1
-6 - (-2 - 1) - -2
-1
Evaluate -2 + (-4 - -2) + 3.
-1
What is the value of (3 - (1 - 3 - -1)) + 0?
4
1 + 3 + (30 - 29)
5
What is the value of (9 - (3 + 3)) + -8?
-5
What is -1 + 6 - (-1 - (-1 + -2))?
3
Evaluate -3 + -3 - -6 - -2 - 1.
1
4 + 1 + 1 + -10 + 5
1
-7 - (0 - 3) - -2
-2
What is -6 - (4 + -2 - 3)?
-5
What is 5 - 9 - (1 + 0)?
-5
What is -8 - 1 - (8 + -15)?
-2
-6 + (-7 - (2 + 6 + -13))
-8
Calculate -1 + -21 + 13 + (5 - 1).
-5
Evaluate (9 + -9 - 9) + 6.
-3
What is 5 + -2 - (-7 + 6 - -5)?
-1
Calculate (1 - -2) + -13 + 7 + -1.
-4
What is (0 - 6) + 7 + (3 - 0)?
4
Evaluate -1 + 4 + 3 + -2 + -6.
-2
-7 + (0 - (9 - 19))
3
What is the value of 1 + -9 + 3 + 2?
-3
9 + -4 - (1 - 7)
11
Evaluate 11 + -3 + -3 + -6 - 5.
-6
Calculate -5 - (-9 - -12 - 15).
7
What is 6 - -1 - (4 - 1) - 1?
3
Calculate 3 - (2 + 4 + -2).
-1
3 - (-2 - (-6 - -7) - -1)
5
6 + 1 - (-6 + -3 + 9)
7
Evaluate 1 + 1 + 6 - -6 - 5.
9
-8 + 8 + (4 - 5)
-1
What is 2 - (-17 - -7) - 19?
-7
Evaluate (1 - 11) + -12 + 21.
-1
(8 - 4) + 2 - 1
5
Calculate (-6 - -3) + -1 + 6.
2
Calculate -7 + 10 + (-1 - (-1 - -1)).
2
What is the value of 5 + (-3 - 0) + 0?
2
Evaluate (4 + 3 - (-1 - -6)) + -6.
-4
What is 1 + -6 + -4 + 7 + -1?
-3
Evaluate -4 + 0 - (-48 - -39).
5
Calculate 6 - (4 - -13) - -18.
7
-2 - (4 - 0) - (3 + -9)
0
Evaluate -3 - (1 + -1) - -5.
2
What is 0 - 5 - (0 - 5 - -5)?
-5
What is the value of -4 + 2 + -2 + -1 + 3?
-2
-2 - 1 - (-5 - (7 + -8))
1
Calculate 2 + 5 + (-3 - -4) - 4.
4
Evaluate 7 + -14 + -2 + 8.
-1
Calculate 4 - (4 - 5 - -1).
4
What is the value of 2 - (1 + -2 - 1)?
4
Evaluate (2 - (1 + -2)) + 3 + -3.
3
What is (3 - (0 + 2)) + -6?
-5
Evaluate (-3 - -1) + (3 - -1).
2
Calculate -7 + 1 + 6 + 6.
6
What is (3 - (4 - 7)) + -9?
-3
Calculate -2 + -3 + 5 + 4 + -6.
-2
-1 + -2 + (-1 - (7 - 9))
-2
(-5 - -4) + (6 - 1)
4
1 + (2 - 4) - 2 - -3
0
What is (3 - -2) + (16 - 5 - 18)?
-2
-7 - -13 - (3 - (-1 - -1))
3
Calculate 4 + (3 + 0 - 4).
3
What is the value of (-28 - -30) + (-10 - -1)?
-7
What is the value of 6 + 0 + (-1 - 1 - 1)?
3
Evaluate 4 + (-17 - -3) + 3.
-7
What is the value of 19 + (-10 - (4 + -3))?
8
What is the value of 2 + 0 + -4 + -3 + 4?
-1
-2 + 2 + 6 + -1
5
(-4 - (-1 - 6)) + -7
-4
Calculate 6 + -5 + -1 + (0 - -2).
2
Calculate -11 + 4 + -2 + 6.
-3
Evaluate 4 - (4 - (-4 - 4 - -3)).
-5
What is 2 - (-4 + 3 - -1) - 5?
-3
Evaluate (7 - 23) + 6 + 7.
-3
Evaluate 0 - (-2 - -8) - -3 - 0.
-3
What is the value of 10 + (-13 - -24) + -14?
7
What is (2 - (-11 + 6)) + -4?
3
11 + (-4 - -8 - 10)
5
What is the value of 7 - (2 + -2 - -2) - 2?
3
12 + (-9 + -6 - -5)
2
(5 - (-2 + 2)) + (-2 - -2)
5
What is the value of (0 - 3) + 4 + 3 + -1?
3
Calculate 9 - 9 - (8 + -2).
-6
Calculate -12 + (10 + -2 - -2).
-2
Evaluate 6 + 3 + -13 + (-1 - 0).
-5
What is (0 - (0 - -1)) + (-35 - -35)?
-1
What is the value of 38 + -39 - (-1 + 1)?
-1
What is the v